me factors of a?
2, 3, 7
What are the prime factors of (36/(-10))/((-216)/1127340)?
3, 6263
Suppose 4*l = -4*b + 2*l + 2, 2*b - 16 = 4*l. Suppose -b*t + 10 = 0, 5*w - 218 = 2*w + 2*t. List the prime factors of w.
2, 19
Suppose -4*o = -749 + 197. Let s be -6 + 280/49 + (-2860)/(-14). Let f = s - o. List the prime factors of f.
2, 3, 11
Let q(u) = 2*u**2 + 5*u - 9. Let i be 528/14 - (-16)/56. Let z = i + -34. List the prime factors of q(z).
43
Let o = -285 - -290. Suppose 13*g - 11*g - 662 = -4*s, 1644 = o*g - s. List the prime factors of g.
7, 47
Suppose 4*g + c = 6664, -5*g + c + 8309 = -3*c. Suppose 0 = -4*d - 2*t + 2656, -2*d + 4*t + g - 317 = 0. List the prime factors of d.
2, 3, 37
Let g be (-3)/(-2)*((-175)/(-15) - 9). Let l be (-1*(-2 - -2))/1. Suppose -3*c + r + 78 = l, 0 = -4*c + 2*r + 106 - g. What are the prime factors of c?
3
Suppose 51 + 159 = 30*n. Suppose 0 = 12*h - n*h - 1170. List the prime factors of h.
2, 3, 13
Let x(o) = 665*o + 6113. What are the prime factors of x(55)?
2, 23, 29
Let p be 4 + (-2 + 2)/3. Suppose 0 = p*k + k - 75. What are the prime factors of (-10)/k + (-320)/(-12)?
2, 13
Suppose -120*j = -255130 - 141110 - 143640. What are the prime factors of j?
11, 409
Let h be ((-8)/12 - -1) + (-779)/(-3). List the prime factors of (594/8 + 1)*h/65.
7, 43
Let f(x) = -170*x - 9. Let l be f(-4). Let y = 1235 - l. List the prime factors of y.
2, 3, 47
Suppose a = -2*t - 4*a + 30, 5*t + 3*a - 37 = 0. What are the prime factors of 0 + t - 500/(-1)?
5, 101
Suppose -7*w = -2*w + 20, 1107 = -u - w. Let o = -637 - u. What are the prime factors of o?
2, 233
List the prime factors of (-1 - 2) + (-195590)/(-42) + (-44)/(-462).
2, 13, 179
Suppose 31*k - 182877 + 75229 = 221665. List the prime factors of k.
3, 3541
Suppose -3*o = -2*o. Suppose 5*f - h + 5*h + 1 = o, 2*f + 6 = -3*h. Suppose w = -f*w + 304. List the prime factors of w.
2, 19
Suppose -27 + 13 = 14*x. List the prime factors of (-31 - 1083)*((-2)/x - 3).
2, 557
Let f be (5/(-3))/(1/(-3)). Suppose -2*y + f*d - 148 = 10, 5*d = 20. Let u = y - -179. List the prime factors of u.
2, 5, 11
Let m = 2340 - 1521. Suppose -2*b - 180 = -5*n - m, -5*n = 2*b - 649. What are the prime factors of b?
2, 7, 23
Let o = -367 - -393. Suppose -o*f = 6*f - 15392. What are the prime factors of f?
13, 37
Let g(b) be the first derivative of -2*b**2 + b**3 + 5*b - 5*b**2 + b**2 - 14 + 2*b**2. List the prime factors of g(7).
2, 3
Suppose 55*i = -21*i + 1028812. What are the prime factors of i?
13537
Let k be 2/8*-4*(-9)/(-1). What are the prime factors of (((-36)/(-8))/k)/((-1)/168)?
2, 3, 7
Let h = 18258 + -12341. What are the prime factors of h?
61, 97
Suppose -2*h + 16152 = -3*c, -4*h - 5*c + 32298 = -10*c. List the prime factors of h.
3, 2689
Suppose 0 = 11*f - 0 - 55. Suppose 3541 = 4*p - f*q, 18*p = 22*p + 4*q - 3568. List the prime factors of p.
7, 127
Let r(k) = -k**2 - 18*k + 65. Let n be r(-21). Suppose -n*h = 2*h - b - 2713, -h + 4*b = -697. What are the prime factors of h?
677
Suppose -4*g + 9*q - 7*q + 1032 = 0, -3*q = 12. Suppose l - g = -3*p, -4*l + 168 = 4*p - 176. List the prime factors of p.
5, 17
Suppose -20613 = 5*q - k - 55944, -14135 = -2*q + 3*k. List the prime factors of q.
2, 3533
Let t be 8*2/12*3. Suppose -t*l = -5*o + 54, -2*o + 17 - 1 = 4*l. Let d(q) = 2*q**2 - q + 14. What are the prime factors of d(o)?
2, 3, 17
Suppose 2*v - 7*v = -2*a + 19, -4*a + 2 = 2*v. Let z(h) = -53*h**3 - 4*h**2 + 2*h - 3. Let l be z(3). List the prime factors of 1/(l/(-2896) - a/4).
181
List the prime factors of ((-2520)/18)/(6/(-375)).
2, 5, 7
Let m(r) = 352*r**3 - 4*r**2 - 18*r + 94. Let t be m(5). Suppose -16*x = -48*x + t. List the prime factors of x.
2, 7
Let a = 118 + -114. Suppose -a*h = 424 - 1408. What are the prime factors of h?
2, 3, 41
Let s = -1816 - -1818. Let c(p) be the second derivative of 21*p**3/2 - 4*p**2 - p. What are the prime factors of c(s)?
2, 59
List the prime factors of (-4)/(-18) + (-278623)/(-36) - (-10)/8.
7741
Suppose 6*x - 1 - 233 = 0. Let k = 209 - x. Suppose k + 690 = 5*y. What are the prime factors of y?
2, 43
Let y(j) = -j - 1. Let m be y(-17). Suppose -m*q + 2739 + 12157 = 0. What are the prime factors of q?
7, 19
Suppose 2*u - 2418 + 258 = 4*r, -3*u = 5*r - 3218. Suppose 0 = 9*j - 2254 - u. What are the prime factors of j?
2, 5, 37
List the prime factors of -15 - (-20 - -11) - -48354.
2, 3, 17, 79
Let i = -4043 - -2867. Let u = i - -1679. What are the prime factors of u?
503
Let w(l) = 81*l**2 - 2*l + 52. List the prime factors of w(-11).
5, 79
Suppose -4*l + 78*b + 79924 = 79*b, 2*b = -3*l + 59938. List the prime factors of l.
2, 97, 103
Let v(x) = -7*x + 9. Let l be v(-7). Let n(j) = 98*j**3 - 2*j**2 - 3*j + 3. Let m be n(1). Let z = m - l. List the prime factors of z.
2, 19
List the prime factors of 3 + (58/(-6))/(173758/(-19305) + 9).
2, 3, 2393
Let r be (-4)/(-6) + 12/(-108)*6. Suppose -5*c + 20 = r, -11*n = -8*n - 2*c - 985. What are the prime factors of n?
331
Let s = 236 - 233. Suppose s*i - 4*b - 476 = 0, 5*b - 6*b = -4. What are the prime factors of i?
2, 41
Suppose -12 = d - 8. Suppose v - 5*f = 24, -2*v + 0*v + 5*f = -38. List the prime factors of (-8)/(-112)*d - (-2538)/v.
181
Let f(s) = -s**3 + 89*s**2 - 91*s + 209. What are the prime factors of f(72)?
5, 11, 1487
What are the prime factors of (14 - (-16 + 116))*-223?
2, 43, 223
Suppose -4*q + 16032 = -4*a, 252*q = 255*q + 5*a - 12032. What are the prime factors of q?
19, 211
Let y(q) = 22*q + 138. Let u be y(-6). Let j(h) = 2*h**3 + 31*h - 165. What are the prime factors of j(u)?
3, 151
Let z(c) = 8*c - 56. Let w be z(6). What are the prime factors of (-2268)/(-7) + w/(-2) + 0?
2, 41
Let o(r) = -62*r**3 - 4*r**2 - 38*r - 74. List the prime factors of o(-3).
2, 839
Let r be (-11764)/(-10) + (-2)/5. Let l(z) = 13*z + 566. Let f be l(-5). Suppose r = 9*u + f. What are the prime factors of u?
3, 5
Suppose 3*g - 15815 = 757. List the prime factors of g.
2, 1381
List the prime factors of -201*75*(4 - (-2 - -7)).
3, 5, 67
Let k(h) = 4*h**2 + 3*h + 22. Let t = 44 + -48. Let l = t + -1. List the prime factors of k(l).
107
Suppose 3*q = 4*v + 17637 + 9619, -q + v + 9087 = 0. List the prime factors of q.
2, 2273
Let l be 0 + 2 - (0 - (1 - 1)). Suppose -r + 8 = 3*t + r, -4*t - 8 = -l*r. Suppose 0 = 2*q + 5*y - 182, 2*q - 4*y - 218 = -t*q. List the prime factors of q.
101
Let p(w) = -w**3 - 25*w**2 + 8*w + 270. What are the prime factors of p(-30)?
2, 3, 5, 151
Suppose 2298102 = 65*c - 1104215 + 1103462. List the prime factors of c.
3, 11789
Let z = -35 - -42. Let n(r) = 168*r + 14. Let j be n(z). What are the prime factors of 6/(-4)*j/(-21)?
5, 17
Suppose -2*a - 13*a + 2*a + 130234 = 0. What are the prime factors of a?
2, 5009
Let l(x) = 25*x**2 + 6*x + 91. List the prime factors of l(-20).
13, 59
Suppose 109*o - 2032458 = -30*o. List the prime factors of o.
2, 3, 2437
What are the prime factors of (-447 - -1456)/((-1 + 48/47)*1)?
47, 1009
Suppose -5*o + 19 = 2*c + 13, 3*c = 9. What are the prime factors of 679 - (7 + -2) - o?
2, 337
Let h(s) = s**3 + 10*s**2 + 9*s + 4. Suppose -5*v = -v + 36. Let a be h(v). Suppose w = -2*k + 83 + 276, -a*w - 930 = -5*k. What are the prime factors of k?
2, 7, 13
List the prime factors of (-98)/70 + (-119922)/(-55).
2179
Suppose -8 = 4*f - 8*f. Suppose -2*u = u - 2*x + 7, f*x - 8 = 2*u. What are the prime factors of 6 + (-2 - u) - -49?
2, 13
Let g(p) = 2*p**2 + 25*p + 279. Let f be g(-16). List the prime factors of 30/15 - (2 - f/1).
17, 23
Let y(o) = 3*o - 2. Let c be y(0). Let z = c + 0. List the prime factors of z/(20/(-15))*56.
2, 3, 7
Suppose -4*j - 110*i + 30886 = -112*i, -5*j + 38603 = -4*i. List the prime factors of j.
7723
Suppose k + 5*v - 3*v - 19 = 0, 4*v = -4*k + 60. Let u be (-2 + 1)/(k/451). Let f = -34 - u. List the prime factors of f.
7
Let v = -60881 - -109688. List the prime factors of v.
3, 11, 17, 29
Let w(z) = 3*z**2 - z - 7. Let l(n) = -8*n**2 + 3*n + 21. Let k(s) = -2*l(s) - 7*w(s). Let h be k(4). Let r = 23 - h. List the prime factors of r.
2, 23
Suppose -7872 = -5*h + 3078. Suppose 0 = 31*o - 16*o - h. What are the prime factors of o?
2, 73
Let m be -66 + 5*2/10. Let q = -77 - m. What are the prime factors of (-18)/(-24) - (-3)/q*-617?
5, 